
What is the ten thousands digit of 13498?
1
What is the ten thousands digit of 46356?
4
What is the thousands digit of 27513?
7
What is the tens digit of 1030?
3
What is the tens digit of 19728?
2
What is the thousands digit of 4140?
4
What is the hundreds digit of 725?
7
What is the hundreds digit of 5217?
2
What is the thousands digit of 9872?
9
What is the thousands digit of 8541?
8
What is the thousands digit of 1983?
1
What is the hundred thousands digit of 101978?
1
What is the units digit of 1125?
5
What is the tens digit of 51011?
1
What is the units digit of 1695?
5
What is the thousands digit of 1212?
1
What is the ten thousands digit of 26692?
2
What is the ten thousands digit of 16428?
1
What is the tens digit of 75765?
6
What is the units digit of 1555?
5
What is the thousands digit of 14198?
4
What is the thousands digit of 58449?
8
What is the thousands digit of 12078?
2
What is the tens digit of 5993?
9
What is the ten thousands digit of 30766?
3
What is the ten thousands digit of 22411?
2
What is the units digit of 762?
2
What is the hundreds digit of 462?
4
What is the tens digit of 417?
1
What is the thousands digit of 2381?
2
What is the tens digit of 166?
6
What is the tens digit of 460?
6
What is the units digit of 340?
0
What is the units digit of 6?
6
What is the hundreds digit of 96627?
6
What is the units digit of 3329?
9
What is the hundreds digit of 49206?
2
What is the tens digit of 6928?
2
What is the ten thousands digit of 14560?
1
What is the thousands digit of 37171?
7
What is the tens digit of 37352?
5
What is the hundreds digit of 959?
9
What is the hundreds digit of 1879?
8
What is the hundreds digit of 1556?
5
What is the hundreds digit of 6941?
9
What is the ten thousands digit of 11646?
1
What is the thousands digit of 28986?
8
What is the tens digit of 3376?
7
What is the tens digit of 63248?
4
What is the thousands digit of 2524?
2
What is the units digit of 117?
7
What is the tens digit of 1571?
7
What is the tens digit of 4953?
5
What is the tens digit of 35797?
9
What is the thousands digit of 1196?
1
What is the tens digit of 201678?
7
What is the ten thousands digit of 53482?
5
What is the units digit of 33190?
0
What is the ten thousands digit of 105305?
0
What is the tens digit of 734?
3
What is the hundreds digit of 211?
2
What is the ten thousands digit of 33111?
3
What is the units digit of 521?
1
What is the units digit of 251?
1
What is the thousands digit of 4509?
4
What is the units digit of 1523?
3
What is the hundreds digit of 14868?
8
What is the tens digit of 146?
4
What is the hundreds digit of 19468?
4
What is the thousands digit of 1221?
1
What is the units digit of 4268?
8
What is the units digit of 302?
2
What is the tens digit of 79515?
1
What is the units digit of 1519?
9
What is the units digit of 84593?
3
What is the hundreds digit of 8502?
5
What is the hundreds digit of 574?
5
What is the tens digit of 11066?
6
What is the hundreds digit of 78744?
7
What is the tens digit of 819?
1
What is the units digit of 6858?
8
What is the tens digit of 2799?
9
What is the units digit of 722?
2
What is the tens digit of 15032?
3
What is the tens digit of 54865?
6
What is the units digit of 32970?
0
What is the thousands digit of 9907?
9
What is the units digit of 595?
5
What is the thousands digit of 1614?
1
What is the units digit of 997?
7
What is the units digit of 25277?
7
What is the units digit of 7586?
6
What is the tens digit of 87658?
5
What is the thousands digit of 6038?
6
What is the tens digit of 3061?
6
What is the units digit of 900?
0
What is the ten thousands digit of 15717?
1
What is the tens digit of 3452?
5
What is the thousands digit of 3458?
3
What is the units digit of 81041?
1
What is the units digit of 2424?
4
What is the thousands digit of 7022?
7
What is the hundreds digit of 1001?
0
What is the hundreds digit of 7161?
1
What is the thousands digit of 1403?
1
What is the ten thousands digit of 46832?
4
What is the tens digit of 971?
7
What is the thousands digit of 2300?
2
What is the tens digit of 2223?
2
What is the hundreds digit of 9581?
5
What is the hundreds digit of 18509?
5
What is the units digit of 31?
1
What is the tens digit of 409?
0
What is the thousands digit of 18571?
8
What is the tens digit of 7601?
0
What is the units digit of 906?
6
What is the tens digit of 14133?
3
What is the hundreds digit of 30370?
3
What is the units digit of 1824?
4
What is the hundreds digit of 4431?
4
What is the hundreds digit of 7898?
8
What is the tens digit of 2347?
4
What is the ten thousands digit of 12018?
1
What is the hundreds digit of 16322?
3
What is the tens digit of 872?
7
What is the tens digit of 2667?
6
What is the tens digit of 52899?
9
What is the units digit of 2255?
5
What is the hundreds digit of 4263?
2
What is the hundreds digit of 3923?
9
What is the thousands digit of 21668?
1
What is the units digit of 1598?
8
What is the thousands digit of 34880?
4
What is the tens digit of 29553?
5
What is the hundreds digit of 6476?
4
What is the hundreds digit of 805?
8
What is the tens digit of 451?
5
What is the ten thousands digit of 11257?
1
What is the thousands digit of 3497?
3
What is the units digit of 8793?
3
What is the units digit of 10998?
8
What is the units digit of 6986?
6
What is the hundreds digit of 3221?
2
What is the thousands digit of 44375?
4
What is the tens digit of 955?
5
What is the hundreds digit of 4936?
9
What is the thousands digit of 23184?
3
What is the tens digit of 574?
7
What is the hundreds digit of 3554?
5
What is the thousands digit of 24402?
4
What is the hundreds digit of 35313?
3
What is the hundreds digit of 747?
7
What is the ten thousands digit of 67552?
6
What is the hundred thousands digit of 127674?
1
What is the ten thousands digit of 10843?
1
What is the units digit of 3260?
0
What is the hundreds digit of 2166?
1
What is the tens digit of 9925?
2
What is the hundreds digit of 3753?
7
What is the hundreds digit of 328?
3
What is the tens digit of 8706?
0
What is the tens digit of 535?
3
What is the thousands digit of 9119?
9
What is the hundreds digit of 998?
9
What is the hundreds digit of 1928?
9
What is the tens digit of 23005?
0
What is the tens digit of 1604?
0
What is the hundreds digit of 80175?
1
What is the thousands digit of 45680?
5
What is the hundreds digit of 9640?
6
What is the tens digit of 559?
5
What is the tens digit of 3384?
8
What is the units digit of 215?
5
What is the units digit of 263?
3
What is the thousands digit of 50749?
0
What is the tens digit of 62251?
5
What is the tens digit of 6104?
0
What is the tens digit of 1863?
6
What is the hundreds digit of 5592?
5
What is the tens digit of 33381?
8
What is the tens digit of 36327?
2
What is the hundreds digit of 103?
1
What is the hundreds digit of 227?
2
What is the units digit of 2099?
9
What is the tens digit of 510?
1
What is the thousands digit of 18661?
8
What is the units digit of 3423?
3
What is the hundreds digit of 1866?
8
What is the units digit of 1930?
0
What is the thousands digit of 2094?
2
What is the ten thousands digit of 25536?
2
What is the ten thousands digit of 59517?
5
What is the units digit of 2487?
7
What is the units digit of 1365?
5
What is the hundreds digit of 7277?
2
What is the hundreds digit of 1692?
6
What is the thousands digit of 5845?
5
What is the units digit of 5121?
1
What is the units digit of 2202?
2
What is the tens digit of 89?
8
What is the tens digit of 23471?
7
What is the ten thousands digit of 76623?
7
What is the tens digit of 3194?
9
What is the tens digit of 2121?
2
What is the tens digit of 1832?
3
What is the units digit of 83?
3
What is the thousands digit of 1277?
1
What is the thousands digit of 1490?
1
What is the tens digit of 82135?
3
What is the units digit of 6411?
1
What is the units digit of 818?
8
What is the units digit of 11719?
9
What is the units digit of 2340?
0
What is the thousands digit of 155575?
5
What is the units digit of 2507?
7
What is the ten thousands digit of 74634?
7
What is the tens digit of 8878?
7
What is the hundreds digit of 29012?
0
What is the hundreds digit of 15328?
3
What is the hundreds digit of 40615?
6
What is the tens digit of